ommon factor of 1225164 and 48?
12
What is the highest common divisor of 2462448 and 87?
87
Calculate the highest common divisor of 5311 and 7232.
113
Calculate the greatest common divisor of 121280 and 215.
5
Calculate the highest common factor of 297 and 22.
11
What is the highest common factor of 448 and 162596?
28
What is the highest common factor of 1781 and 403?
13
What is the highest common factor of 38 and 1822138?
38
What is the highest common factor of 2898 and 92?
46
What is the greatest common divisor of 1235610 and 90?
90
What is the greatest common factor of 108758 and 1833?
611
Calculate the highest common factor of 14013 and 166599.
1557
What is the greatest common divisor of 68671 and 344?
43
What is the greatest common factor of 1998 and 4806?
54
Calculate the greatest common divisor of 5924593 and 23.
23
What is the greatest common divisor of 58 and 2358657?
29
Calculate the greatest common divisor of 32403 and 273.
21
What is the greatest common divisor of 1265584 and 48?
16
Calculate the highest common divisor of 102525 and 725.
25
What is the greatest common factor of 1180 and 460?
20
What is the highest common factor of 18644 and 98592?
316
Calculate the highest common factor of 269508 and 370.
74
Calculate the greatest common divisor of 39396 and 30.
6
Calculate the highest common divisor of 30 and 512985.
15
Calculate the greatest common divisor of 129172 and 344.
172
Calculate the highest common divisor of 75426 and 39.
39
What is the highest common divisor of 563 and 3468080?
563
Calculate the highest common divisor of 1815 and 920.
5
Calculate the highest common factor of 8 and 830920.
8
What is the greatest common factor of 21244 and 11300?
452
Calculate the highest common factor of 3972108 and 168.
84
Calculate the greatest common divisor of 20729 and 361.
19
What is the greatest common factor of 287610 and 90?
30
Calculate the greatest common divisor of 786 and 858.
6
Calculate the highest common divisor of 9360 and 845.
65
Calculate the greatest common divisor of 292 and 2597632.
292
What is the greatest common factor of 22 and 41206?
22
What is the greatest common divisor of 250 and 54?
2
What is the greatest common divisor of 4449 and 972?
3
Calculate the highest common factor of 31206 and 18.
6
Calculate the highest common divisor of 744 and 276.
12
What is the greatest common divisor of 16 and 36856?
8
What is the highest common divisor of 212 and 56074?
106
What is the greatest common divisor of 772 and 9650?
386
Calculate the highest common divisor of 58 and 17661.
29
Calculate the highest common factor of 2259 and 9054.
9
Calculate the highest common factor of 108944 and 176.
176
What is the greatest common factor of 14368 and 2080?
32
Calculate the highest common divisor of 208181 and 2045.
409
Calculate the highest common divisor of 555 and 960.
15
What is the highest common divisor of 2271808 and 128?
64
Calculate the highest common factor of 1556 and 4.
4
Calculate the highest common factor of 7077 and 294.
21
What is the greatest common divisor of 814 and 3344?
22
Calculate the greatest common divisor of 6182 and 562.
562
Calculate the greatest common factor of 2234638 and 14.
14
Calculate the highest common factor of 1873801 and 79.
79
What is the highest common divisor of 1001637 and 126?
63
Calculate the greatest common divisor of 215 and 20597.
43
Calculate the greatest common divisor of 25920 and 234.
18
Calculate the highest common divisor of 1316 and 90146.
658
Calculate the greatest common factor of 96551 and 819.
91
What is the highest common divisor of 2970 and 15767730?
2970
What is the highest common factor of 16 and 2551504?
16
Calculate the highest common factor of 102 and 11390.
34
Calculate the highest common factor of 8319 and 1416.
177
Calculate the highest common factor of 150465 and 105.
105
What is the greatest common divisor of 17713 and 4?
1
Calculate the highest common divisor of 99816 and 888.
24
Calculate the greatest common factor of 345 and 1593417.
69
Calculate the highest common divisor of 255 and 24888.
51
Calculate the highest common factor of 23359 and 427.
7
What is the greatest common factor of 594 and 51469?
11
Calculate the greatest common factor of 48600 and 1098.
18
What is the highest common factor of 1584114 and 21?
21
What is the greatest common divisor of 3902 and 4?
2
What is the highest common factor of 22965 and 15?
15
What is the greatest common divisor of 4132 and 124?
4
Calculate the highest common divisor of 12 and 9788.
4
Calculate the highest common factor of 177062 and 892.
446
Calculate the highest common factor of 574 and 582692.
82
Calculate the greatest common divisor of 8745 and 35365.
55
What is the highest common divisor of 4366940 and 1455?
485
What is the greatest common divisor of 8140 and 220?
220
What is the greatest common divisor of 55008 and 32?
32
Calculate the highest common divisor of 501 and 3.
3
What is the highest common factor of 78 and 18222?
6
What is the highest common factor of 119 and 2485927?
17
What is the highest common divisor of 24 and 17868?
12
Calculate the greatest common factor of 5346 and 178362.
486
What is the highest common factor of 454 and 37?
1
What is the highest common divisor of 155 and 4?
1
Calculate the greatest common divisor of 2555 and 253675.
365
Calculate the greatest common divisor of 94812 and 12.
12
Calculate the greatest common factor of 605920 and 30240.
1120
What is the highest common divisor of 22 and 2267738?
22
Calculate the greatest common factor of 32012 and 212.
212
Calculate the greatest common divisor of 45549 and 448742.
1687
What is the greatest common factor of 14 and 153926?
2
What is the greatest common factor of 10535 and 2793?
49
What is the greatest common divisor of 561 and 41701?
187
What is the greatest common divisor of 2670 and 5418765?
1335
Calculate the highest common factor of 279 and 9796.
31
Calculate the highest common factor of 1803 and 368413.
601
Calculate the highest common factor of 3871 and 696227.
553
What is the highest common divisor of 231492 and 228?
12
Calculate the greatest common divisor of 74605 and 344.
43
Calculate the greatest common factor of 181324 and 198.
22
Calculate the highest common factor of 56124 and 280.
4
What is the highest common factor of 14752 and 288?
32
Calculate the greatest common factor of 18 and 437.
1
What is the greatest common factor of 16461 and 24957?
531
What is the highest common factor of 760 and 2560?
40
What is the greatest common divisor of 16458 and 42411?
633
Calculate the greatest common divisor of 28 and 20321.
7
Calculate the highest common divisor of 13376 and 1195328.
1216
What is the greatest common factor of 20335 and 98?
49
Calculate the highest common divisor of 14 and 82243.
7
Calculate the greatest common factor of 243988 and 674.
674
What is the greatest common factor of 2163494 and 158?
158
What is the greatest common divisor of 214 and 49006?
214
What is the highest common factor of 1509246 and 1026?
1026
Calculate the highest common factor of 418947 and 3066.
219
What is the greatest common factor of 52 and 46514?
26
What is the highest common divisor of 11493 and 477?
9
Calculate the highest common factor of 1050 and 111174.
42
Calculate the greatest common divisor of 397925 and 880.
55
What is the highest common divisor of 16800 and 9696?
96
What is the greatest common factor of 187 and 157267?
187
Calculate the highest common factor of 49036 and 884.
52
What is the highest common divisor of 2296 and 3094?
14
Calculate the highest common divisor of 73245 and 30.
15
What is the greatest common divisor of 120 and 6029580?
60
Calculate the highest common divisor of 10361 and 3263.
13
What is the highest common divisor of 522 and 84477?
87
Calculate the highest common divisor of 36179 and 2691.
299
What is the greatest common divisor of 2175 and 186180?
435
What is the greatest common factor of 590079 and 21?
21
Calculate the highest common factor of 210 and 5080.
10
What is the highest common divisor of 8840 and 8619?
221
Calculate the highest common factor of 266268 and 12.
12
What is the highest common divisor of 132 and 4890?
6
Calculate the highest common divisor of 5022 and 660.
6
What is